 Let x be 2 - u - (-5)/5. What is z(x)?
-10
Let v(m) = -6*m - 6 + 26*m - 19*m. Let h be 6/(-4) - (-2)/4. Let l = h - -8. Determine v(l).
1
Let o(x) = 5*x**2 - 5*x - 9. Let i(c) = c**2 - c - 1. Let d(q) = -6*i(q) + o(q). Let r be d(5). Let g = 28 + r. Let v(s) = -s + 4. Calculate v(g).
-1
Let r(b) = -78*b + b**2 + 181*b + 10 - 7 - 85*b + 17. What is r(-16)?
-12
Suppose 16 + 2 = -6*l, 0 = -4*t + 3*l + 29. Let o(m) be the second derivative of 1/12*m**4 + 0 + 1/2*m**2 - 4*m - 2/3*m**3. Determine o(t).
6
Let i(v) be the second derivative of 0 + 6*v**2 - 13/24*v**4 - 17*v - 1/6*v**3. Let w(s) be the first derivative of i(s). Determine w(-2).
25
Let j(v) = v**3 + v**2 - 2*v - 2. Let m(q) = -q**2 - 11*q + 19. Let a be m(-14). Let d = -22 - a. Let o be -1*(-1 + d - -3). Calculate j(o).
-14
Let g(h) be the first derivative of h**4/4 + h**3 - 4*h**2 + 3*h + 634. Determine g(-4).
19
Let f(y) = 2*y**2 + 28*y - 124. Let d(j) = 10*j**2 + 140*j - 576. Let w(x) = -3*d(x) + 14*f(x). Determine w(-12).
40
Let y(g) = 3*g - 10. Let h(m) = 3*m**2 - 21*m - 16. Let t be h(8). Calculate y(t).
14
Suppose 22*w = 24*w - 2*t, 4*w - 5*t = -3. Let c(l) = -l**2 + 19*l - 41. Determine c(w).
7
Let w(l) be the first derivative of l**3/3 + 13*l**2/2 + 67*l - 8814. Give w(-5).
27
Let r(b) = 5*b**2 - b + 7. Let s(n) = n - 1. Let z(f) = r(f) + 4*s(f). Let q(j) = -j**2 - 51*j + 1154. Let d be q(-68). What is z(d)?
17
Let x(f) = 153*f + 373. Let u(n) = 204*n + 489. Let j(g) = 10*u(g) - 13*x(g). Calculate j(-1).
-10
Suppose 48*d - 198 = 15*d. Let c(o) be the first derivative of o**3/3 - 5*o**2/2 - 8*o - 24. Determine c(d).
-2
Let s(c) = -c + 10. Suppose 0 = 3*r - r + k - 31, 2*k = 5*r - 73. Suppose 20*a - r*a = 30. Calculate s(a).
4
Let b = 422 - 429. Let c(s) = -6*s + 3. Let k = 3 - -2. Let l(q) = 7*q - 2. Let f(i) = k*l(i) + 6*c(i). Determine f(b).
15
Let q(u) = -24*u - 2. Let i(p) = -97*p - 47. Let f(s) = -i(s) + 4*q(s). What is f(-10)?
29
Let y(r) = r + 4. Let j = -64 + 16. Let d be ((-15)/20 + (-3)/4)*j. Let i = d + -64. Give y(i).
12
Let g(k) = 19*k + 99. Let c(m) = -17*m - 81. Let r(s) = -6*c(s) - 5*g(s). Determine r(-11).
-86
Let t(c) be the first derivative of -5/2*c**2 - 1/6*c**3 + 12*c - 3. Let d(a) be the first derivative of t(a). What is d(-5)?
0
Suppose a - p - 10 = 0, 0 = 564*a - 559*a - 3*p - 44. Let g(r) be the second derivative of -r**5/20 + r**4/2 + 5*r**3/6 + 3*r**2 + r. What is g(a)?
-8
Let b(p) be the first derivative of 15*p**2 - 185*p + 1874. Determine b(6).
-5
Let g(r) = -r**3 + 8*r**2 - 6*r + 9. Let u(z) = -z**3 + 5*z**2 + 8*z - 4. Let a be u(6). Suppose -2*v + 6 = -a. Calculate g(v).
16
Let n(d) = -2*d**2 - d + 2. Suppose 0 = -4*y + 12 - 40. Let k(z) = z**3 + 8*z**2 + z - 16. Let j be k(y). Suppose 4*m + 12 = b, -4*m = -m - 5*b + j. Give n(m).
-4
Let d(l) = l**3 + 22*l**2 + 18. Suppose -j + 18 = 5*p, -2*j + 725*p = 723*p + 60. What is d(j)?
18
Let g = 28 + -28. Let r(m) = -m**2 - 6*m + 42. Let v be r(-10). Let o(a) = 10 - a + 7 + 5 - a**v + 0*a. Determine o(g).
22
Let m(o) = 7*o + 18. Let n(j) = 8*j + 19. Let i(a) = 7*m(a) - 6*n(a). Let w be ((0 - 0)/(-191 - -190))/(-3). Calculate i(w).
12
Suppose -54*p + 57*p = 6. Let s(f) = 5 + 2*f**2 - 2 - f**p. Suppose -x = -0*x - 3*x. Calculate s(x).
3
Suppose -2*r = -2*p - 7*r + 28, 16 = 4*r. Let y(s) = 33 + 37 - 71 - p*s + 3*s. Give y(2).
-3
Let k(n) be the third derivative of -11/24*n**4 + 0*n**3 + 0 - 88*n**2 + 1/6*n**5 + 1/120*n**6 + 0*n. What is k(-11)?
0
Let u(v) = 4*v + 2. Let t be -22*((-8)/20 + 88/(-80)). Let x be (-198)/t + 1*(-1 - -4). What is u(x)?
-10
Let b(r) = -r - 4. Suppose 3*v - 18 = -2*c, -22*v - c = -21*v - 7. Suppose 52 = v*l + 88. What is b(l)?
5
Let j(h) be the third derivative of -1/6*h**3 - 3*h**2 - 7/24*h**4 + 0 - 47*h. Calculate j(-1).
6
Let u(r) = 12*r - 23*r - 7*r**2 + 333 - 337 + 2*r**3 - 3*r**3 + 8*r. What is u(-6)?
-22
Let p = -28 - -24. Let f be (-2)/p - (-4 + (-68)/8). Suppose -8*i + f*i - 20 = 0. Let q(r) = -2*r - 3. What is q(i)?
-11
Let i(t) = -4. Let l(j) = -j - 1. Let u be (0/(-11))/(1 - 0). Suppose 0 = -2*f + 2 - u. Let w(y) = f*l(y) - i(y). Determine w(4).
-1
Let c(w) be the second derivative of w**4/6 + 20*w**3/3 - 20*w**2 + 5659*w. Give c(-21).
2
Let c = -5 - -8. Let m be 10 + -7 + -1 + c. Let w(u) = -u**3 + 5*u**2 - 5*u - 5. Give w(m).
-30
Let q(k) be the second derivative of -5*k**3/6 + 3*k**2/2 + 6*k - 195. Determine q(3).
-12
Let g(v) = v**2 + 2*v + 3. Let s be g(0). Let a(r) = -r**3 + 4*r**2 - 5*r - 2. Let w(p) = -2*p**3 + 6*p**2 - p - 1. Let x(c) = -a(c) + w(c). What is x(s)?
4
Let s(b) = 5 - 3*b**3 - 8*b + 9*b**2 - 4*b**3 + 6*b**3. Suppose 12*d - 61 = -5*t, -242 + 209 = -5*d - t. Give s(d).
5
Let c(k) = 1 + 4 + 7*k**2 - 6*k**2 - k - 2. Let z be (2/(-10))/(1/(-85)). Suppose -x - z = m + 3*x, -4*m = 4*x + 8. What is c(m)?
9
Let g(z) = 57*z - 4. Let s(i) = 61*i - 6. Let x(f) = 7*g(f) - 6*s(f). What is x(2)?
74
Let v(m) be the first derivative of m**3/3 + 3*m**2/2 + 5*m - 60308. Suppose -10*n = -5*n - 85. Suppose -3*y - s = n, -5*y - s = -5*s. What is v(y)?
9
Let n(k) = k**3 - 2*k**2 - 3*k + 2. Let y(t) = 12*t - 69. Let d be y(6). Suppose 7 = 2*p + d*w, 0*w - 4*w + 4 = 0. Determine n(p).
-4
Let p(h) = -578 - 546 + 1631 - 7*h - 551. Give p(-9).
19
Let m(x) = -2*x + 12. Let j be m(5). Let a(v) = 7*v + v**j - 7*v. Suppose 7*d + 30 = -5*w, w = -5*d - 4 - 20. Calculate a(d).
25
Let z(i) = -i**2 - 12*i - 3. Let c = -1740 + 1731. Determine z(c).
24
Let v(s) = 3*s**2 + 5*s + 0*s - 5*s**2 + s. Let u = -15316 - -15320. Give v(u).
-8
Let l(w) = -3*w + 9. Let o be (-47 - 1)/8*8/(64/12). Give l(o).
36
Let n(f) = -f + 10 + 10 - 12 - 37 + 13 + 10. Suppose r = -0*r. Calculate n(r).
-6
Suppose 37*x = x + 936. Suppose -38*c + 50 = -x. Let m(p) = 21*p - 9. Let j(z) = 7*z - 3. Let l(r) = -8*j(r) + 3*m(r). What is l(c)?
11
Let c = 137 - 124. Let u(p) = -3*p**3 - 4*p**2 - 6 - 8*p + 2*p**3 + c*p. What is u(-5)?
-6
Let c(u) = u**2 + 17*u + 37. Let g(t) = -84*t - 13. Let v be g(0). What is c(v)?
-15
Let x(g) be the first derivative of 65 + 4*g**2 + 13 - 9 - 5*g - 11. Give x(-4).
-37
Let o(l) = 6*l + 104. Let w be o(-17). Let c(r) = 2*r + 5*r**2 - 4*r**2 + w - 3. Suppose 1 = -h - 1. Calculate c(h).
-1
Let r(m) = 2*m**2 - 2*m - 1. Let q(h) = -3*h + 18. Let c be q(9). Suppose 144 - 60 = 7*j. Let g = j + c. What is r(g)?
11
Let s(d) = d**2 - 40*d + 807 - 830 - 3*d**2. What is s(-19)?
15
Suppose 0 = -42*u + 19*u + 46. Let t(m) = -87*m**2 + m - u + 22*m**2 + 29*m**2 + 37*m**2. Give t(-4).
10
Let w(n) = 1147*n + 1159*n - 2295*n + 87. Determine w(-9).
-12
Let w(r) = -1365*r**2 + 42 + 3*r - 15 + 1363*r**2 - 2*r. What is w(0)?
27
Let c(a) = -a + 30. Let u(o) = -12*o + 1297. Let x be u(109). Calculate c(x).
41
Let j(g) = -g**2 + 16*g + 20. Let i(q) = -q**3 + 5*q**2 - 6*q + 12. Let w be i(4). Suppose 3*l + 3*s - 51 = 0, s - 68 = -w*l - s. Determine j(l).
3
Let y(z) be the third derivative of z**6/120 + 7*z**5/60 - z**4/24 - z**3/6 - z**2. Let j = 187 + -55. Let g = j + -139. Calculate y(g).
6
Let n(p) = 10*p**2 - 3*p - 2. Let a(m) = 27*m**2 - 8*m - 6. Let u = 156 + -148. Let f(j) = u*n(j) - 3*a(j). Determine f(5).
-23
Suppose 0 = 15*c - 17*c + 12. Suppose 2*w - 16 = -c. Suppose 5*y - 27 = q, -q + 20 = w*y - 3. Let n(i) = i**3 + 2*i**2 - 2*i - 1. Determine n(q).
3
Let d(j) be the second derivative of j**4/12 + j**3/3 - j**2 - j. Let s be (-45)/(-24) + 16/(-128) - 1/(-4). Give d(s).
6
Let r(t) = 48*t - 628. Let v(o) = 270*o - 2957. Let j be v(11). Calculate r(j).
-4
Let u(f) be the second derivative of -f**5/20 - f**3/6 + f**2 + f + 16. Let w = 5 + -9. Let i = -2 - w. What is u(i)?
-8
Let l(w) be the second derivative of w**3/3 + 9*w**2/2 - 7*w. Let x be 2*2/16 + 1/(-4). Suppose 3*t + 15 = x, -48 = 4*o + t + 3*t. Determine l(o).
-5
Let q(r) = -188 + r + 62 + 53 + 44. What is q(0)?
-29
Let t be (-66)/660 - 57/30. Let b(v) = v**3 - 3*v**2 - 4*v - 2. Calculate b(t).
-14
Let y = 1 - -3. Let n(d) = -2*d**3 + d**2 - d + 1. Let h(k) = -11*k**3 + 9*k**2 - 5*k. Let o = 318 - 319. Let c(p) = o*h(p) + 5*n(p). Determine c(y).
5
Let u = 56 + -24. Suppose -y - 27 = -u. Let k(z) = y*z + 4 - 6*z**3 - 3 + 5*z**2 + 5*z**3. Determine k(6).
-5
Let a(i) = 80716 + i**2 - 2*i**2 - i**3 - 80621. Determine a(0).
95
Let u(b) = -b**2 